7
What are the prime factors of 176764?
2, 7, 59, 107
List the prime factors of 2264071.
89, 25439
List the prime factors of 10809475.
5, 73, 5923
List the prime factors of 58251.
3, 19417
List the prime factors of 2009609.
7, 287087
List the prime factors of 8313091.
79, 105229
What are the prime factors of 578824?
2, 72353
What are the prime factors of 104782?
2, 52391
List the prime factors of 1990108.
2, 593, 839
What are the prime factors of 823733?
79, 10427
List the prime factors of 1140197.
1140197
What are the prime factors of 2071062?
2, 3, 7, 5479
What are the prime factors of 142669?
23, 6203
List the prime factors of 10631855.
5, 13, 163567
What are the prime factors of 10839392?
2, 338731
List the prime factors of 15787004.
2, 53, 113, 659
What are the prime factors of 1132488?
2, 3, 7, 107
What are the prime factors of 4275577?
1997, 2141
List the prime factors of 478201.
367, 1303
What are the prime factors of 1432926?
2, 3, 11, 7237
List the prime factors of 1647728.
2, 102983
What are the prime factors of 6141373?
7, 313, 2803
List the prime factors of 6114703.
7, 873529
What are the prime factors of 303259?
11, 19, 1451
List the prime factors of 2646826.
2, 7, 13, 14543
List the prime factors of 24285.
3, 5, 1619
List the prime factors of 300669.
3, 31, 53, 61
List the prime factors of 4024255.
5, 83, 9697
What are the prime factors of 175983?
3, 58661
What are the prime factors of 1423220?
2, 5, 71161
List the prime factors of 2374383.
3, 11, 31, 211
List the prime factors of 1158627.
3, 467, 827
What are the prime factors of 4051907?
37, 41, 2671
What are the prime factors of 3358064?
2, 41, 5119
List the prime factors of 6957158.
2, 13, 29, 9227
What are the prime factors of 24313543?
197, 123419
List the prime factors of 1930475.
5, 37, 2087
List the prime factors of 101918.
2, 131, 389
List the prime factors of 53614.
2, 11, 2437
List the prime factors of 119933.
11, 10903
What are the prime factors of 111662?
2, 31, 1801
What are the prime factors of 16496757?
3, 113, 5407
What are the prime factors of 949516?
2, 237379
What are the prime factors of 4944663?
3, 263, 2089
List the prime factors of 224392.
2, 7, 4007
List the prime factors of 235257.
3, 11, 7129
List the prime factors of 382778.
2, 11, 127, 137
List the prime factors of 4407797.
29, 31, 4903
What are the prime factors of 217058?
2, 108529
List the prime factors of 445182.
2, 3, 74197
What are the prime factors of 458558?
2, 17, 13487
What are the prime factors of 133957?
97, 1381
What are the prime factors of 178377?
3, 37, 1607
What are the prime factors of 1088703?
3, 7, 11, 1571
What are the prime factors of 1560792?
2, 3, 65033
List the prime factors of 235404.
2, 3, 13, 503
List the prime factors of 5126720.
2, 5, 37, 433
What are the prime factors of 722541?
3, 227, 1061
List the prime factors of 8748937.
1427, 6131
What are the prime factors of 278898?
2, 3, 23, 43, 47
List the prime factors of 69855.
3, 5, 4657
What are the prime factors of 3807254?
2, 11, 61, 2837
List the prime factors of 16705229.
53, 315193
List the prime factors of 632386.
2, 316193
List the prime factors of 795956.
2, 7, 31, 131
List the prime factors of 15052862.
2, 11, 684221
List the prime factors of 274844.
2, 68711
List the prime factors of 2171042.
2, 1085521
What are the prime factors of 1416939?
3, 127, 3719
What are the prime factors of 731274?
2, 3, 307, 397
What are the prime factors of 5137121?
11, 179, 2609
List the prime factors of 11220678.
2, 3, 7, 19, 43, 109
List the prime factors of 1450367.
1450367
What are the prime factors of 229633?
277, 829
List the prime factors of 3119473.
7, 79, 5641
List the prime factors of 2648991.
3, 17, 51941
List the prime factors of 5771372.
2, 239, 6037
What are the prime factors of 102090?
2, 3, 5, 41, 83
What are the prime factors of 396010?
2, 5, 199
List the prime factors of 5381993.
107, 179, 281
What are the prime factors of 3556195?
5, 73, 9743
List the prime factors of 331839.
3, 36871
What are the prime factors of 418691?
7, 13, 43, 107
List the prime factors of 2222041.
211, 10531
List the prime factors of 2737035.
3, 5, 7, 8689
List the prime factors of 9703507.
11, 109, 8093
What are the prime factors of 1924719?
3, 19, 33767
What are the prime factors of 5760164?
2, 167, 8623
List the prime factors of 19158706.
2, 7, 195497
List the prime factors of 3012428.
2, 79, 9533
List the prime factors of 498214.
2, 249107
What are the prime factors of 119398?
2, 59699
List the prime factors of 2010017.
2010017
List the prime factors of 19879373.
43, 462311
List the prime factors of 69318.
2, 3, 3851
List the prime factors of 113149.
113149
What are the prime factors of 13863560?
2, 5, 346589
List the prime factors of 12355333.
12355333
What are the prime factors of 11714633?
7, 1673519
What are the prime factors of 189297?
3, 19, 41
List the prime factors of 6565087.
31, 211777
List the prime factors of 6186727.
71, 79, 1103
What are the prime factors of 945393?
3, 79, 3989
List the prime factors of 244680.
2, 3, 5, 2039
What are the prime factors of 2083617?
3, 77171
List the prime factors of 4062308.
2, 821, 1237
What are the prime factors of 162606?
2, 3, 41, 661
List the prime factors of 608476.
2, 11, 13829
What are the prime factors of 640331?
599, 1069
What are the prime factors of 1376102?
2, 7, 13, 7561
What are the prime factors of 3853724?
2, 7, 137633
What are the prime factors of 262057?
271, 967
What are the prime factors of 158591?
158591
What are the prime factors of 8530?
2, 5, 853
What are the prime factors of 198126?
2, 3, 1223
What are the prime factors of 86225?
5, 3449
What are the prime factors of 4082719?
4082719
What are the prime factors of 800375?
5, 19, 337
List the prime factors of 697501.
7, 99643
List the prime factors of 3988042.
2, 419, 4759
What are the prime factors of 219858?
2, 3, 36643
List the prime factors of 584832.
2, 3, 1523
List the prime factors of 51016.
2, 7, 911
What are the prime factors of 1475015?
5, 157, 1879
What are the prime factors of 31713811?
31713811
List the prime factors of 14942680.
2, 5, 373567
List the prime factors of 907253.
61, 107, 139
What are the prime factors of 691225?
5, 43, 643
List the prime factors of 610462.
2, 305231
What are the prime factors of 980137?
980137
What are the prime factors of 155168?
2, 13, 373
List the prime factors of 3751862.
2, 1153, 1627
List the prime factors of 997534.
2, 498767
What are the prime factors of 4774646?
2, 179, 13337
What are the prime factors of 10910925?
3, 5, 71, 683
What are the prime factors of 22461792?
2, 3, 83, 2819
List the prime factors of 41866.
2, 11, 173
List the prime factors of 1881598.
2, 37, 47, 541
List the prime factors of 979138.
2, 67, 7307
What are the prime factors of 750785?
5, 7, 19, 1129
What are the prime factors of 3979239?
3, 11, 37, 3259
What are the prime factors of 130532?
2, 32633
List the prime factors of 2704238.
2, 1352119
What are the prime factors of 3839432?
2, 149, 3221
List the prime factors of 3715926.
2, 3, 23, 26927
List the prime factors of 274503.
3, 37, 2473
List the prime factors of 88965.
3, 5, 659
What are the prime factors of 15319981?
15319981
List the prime factors of 840524.
2, 210131
What are the prime factors of 2846873?
2846873
List the prime factors of 17916.
2, 3, 1493
What are the prime factors of 652558?
2, 29, 11251
What are the prime factors of 508770?
2, 3, 5, 5653
What are the prime factors of 177534?
2, 3, 7, 1409
List the prime factors of 4846902.
2, 3, 807817
What are the prime factors of 11427186?
2, 3, 1904531
List the prime factors of 1858970.
2, 5, 185897
List the prime factors of 1434159.
3, 53117
List the prime factors of 107205.
3, 5, 7, 1021
What are the prime factors of 4486381?
4486381
What are the prime factors of 2188118?
2, 1094059
List the prime factors of 8897293.
8897293
What are the prime factors of 504806?
2, 83, 3041
List the prime factors of 121428.
2, 3, 3373
List the prime factors of 3522093.
3, 1174031
List the prime factors of 137830.
2, 5, 7, 11, 179
What are the prime factors of 8925586?
2, 4462793
What are the prime factors of 1932473?
29, 37, 1801
What are the prime factors of 315602?
2, 7, 22543
What are th